{"id":984,"date":"2026-04-07T14:44:38","date_gmt":"2026-04-07T14:44:38","guid":{"rendered":"https:\/\/xavifabra.com\/?page_id=984"},"modified":"2026-04-23T15:26:00","modified_gmt":"2026-04-23T15:26:00","slug":"journal","status":"publish","type":"page","link":"https:\/\/xavifabra.com\/?page_id=984","title":{"rendered":"Journal"},"content":{"rendered":"\t\t<div data-elementor-type=\"wp-page\" data-elementor-id=\"984\" class=\"elementor elementor-984\" data-elementor-post-type=\"page\">\n\t\t\t\t<div class=\"elementor-element elementor-element-7e14cb0 e-flex e-con-boxed e-con e-parent\" data-id=\"7e14cb0\" data-element_type=\"container\" data-e-type=\"container\">\n\t\t\t\t\t<div class=\"e-con-inner\">\n\t\t<div class=\"elementor-element elementor-element-ac78926 e-con-full e-flex e-con e-child\" data-id=\"ac78926\" data-element_type=\"container\" data-e-type=\"container\">\n\t\t\t\t<\/div>\n\t\t<div class=\"elementor-element elementor-element-a40beca e-con-full e-flex e-con e-child\" data-id=\"a40beca\" data-element_type=\"container\" data-e-type=\"container\">\n\t\t\t\t<\/div>\n\t\t\t\t\t<\/div>\n\t\t\t\t<\/div>\n\t\t<div class=\"elementor-element elementor-element-cf1ae4b e-flex e-con-boxed e-con e-parent\" data-id=\"cf1ae4b\" data-element_type=\"container\" data-e-type=\"container\">\n\t\t\t\t\t<div class=\"e-con-inner\">\n\t\t<div class=\"elementor-element elementor-element-6a6fe7e e-con-full e-flex e-con e-child\" data-id=\"6a6fe7e\" data-element_type=\"container\" data-e-type=\"container\">\n\t\t\t\t<\/div>\n\t\t<div class=\"elementor-element elementor-element-0260102 e-con-full e-flex e-con e-child\" data-id=\"0260102\" data-element_type=\"container\" data-e-type=\"container\">\n\t\t\t\t<div class=\"elementor-element elementor-element-08573b8 elementor-widget elementor-widget-heading\" data-id=\"08573b8\" data-element_type=\"widget\" data-e-type=\"widget\" data-widget_type=\"heading.default\">\n\t\t\t\t<div class=\"elementor-widget-container\">\n\t\t\t\t\t<h1 class=\"elementor-heading-title elementor-size-default\">Un espacio donde la fotograf\u00eda deja de ser solo imagen para convertirse en pensamiento.<\/h1>\t\t\t\t<\/div>\n\t\t\t\t<\/div>\n\t\t\t\t<\/div>\n\t\t\t\t\t<\/div>\n\t\t\t\t<\/div>\n\t\t<div class=\"elementor-element elementor-element-aeb1345 e-flex e-con-boxed e-con e-parent\" data-id=\"aeb1345\" data-element_type=\"container\" data-e-type=\"container\">\n\t\t\t\t\t<div class=\"e-con-inner\">\n\t\t<div class=\"elementor-element elementor-element-52e9525 e-con-full e-flex e-con e-child\" data-id=\"52e9525\" data-element_type=\"container\" data-e-type=\"container\">\n\t\t\t\t<\/div>\n\t\t<div class=\"elementor-element elementor-element-d88a86a e-con-full e-flex e-con e-child\" data-id=\"d88a86a\" data-element_type=\"container\" data-e-type=\"container\">\n\t\t\t\t<div class=\"elementor-element elementor-element-7af93a8 elementor-invisible elementor-widget elementor-widget-image\" data-id=\"7af93a8\" data-element_type=\"widget\" data-e-type=\"widget\" data-settings=\"{&quot;sticky&quot;:&quot;bottom&quot;,&quot;sticky_offset&quot;:2,&quot;sticky_effects_offset&quot;:2,&quot;sticky_anchor_link_offset&quot;:2,&quot;sticky_parent&quot;:&quot;yes&quot;,&quot;_animation&quot;:&quot;fadeIn&quot;,&quot;sticky_on&quot;:[&quot;desktop&quot;,&quot;tablet&quot;,&quot;mobile&quot;]}\" data-widget_type=\"image.default\">\n\t\t\t\t<div class=\"elementor-widget-container\">\n\t\t\t\t\t\t\t\t\t\t\t\t<figure class=\"wp-caption\">\n\t\t\t\t\t\t\t\t\t\t\t<a href=\"https:\/\/xavifabra.com\/?p=989\">\n\t\t\t\t\t\t\t<img fetchpriority=\"high\" decoding=\"async\" width=\"800\" height=\"533\" src=\"https:\/\/xavifabra.com\/wp-content\/uploads\/2026\/04\/R0001511-1024x682.jpg\" class=\"attachment-large size-large wp-image-1025\" alt=\"\" srcset=\"https:\/\/xavifabra.com\/wp-content\/uploads\/2026\/04\/R0001511-1024x682.jpg 1024w, https:\/\/xavifabra.com\/wp-content\/uploads\/2026\/04\/R0001511-300x200.jpg 300w, https:\/\/xavifabra.com\/wp-content\/uploads\/2026\/04\/R0001511-768x512.jpg 768w, https:\/\/xavifabra.com\/wp-content\/uploads\/2026\/04\/R0001511.jpg 1280w\" sizes=\"(max-width: 800px) 100vw, 800px\" \/>\t\t\t\t\t\t\t\t<\/a>\n\t\t\t\t\t\t\t\t\t\t\t<figcaption class=\"widget-image-caption wp-caption-text\"><\/figcaption>\n\t\t\t\t\t\t\t\t\t\t<\/figure>\n\t\t\t\t\t\t\t\t\t<\/div>\n\t\t\t\t<\/div>\n\t\t\t\t<\/div>\n\t\t<div class=\"elementor-element elementor-element-e7e103d e-con-full e-flex e-con e-child\" data-id=\"e7e103d\" data-element_type=\"container\" data-e-type=\"container\">\n\t\t<div class=\"elementor-element elementor-element-9aafd37 e-con-full e-flex e-con e-child\" data-id=\"9aafd37\" data-element_type=\"container\" data-e-type=\"container\">\n\t\t\t\t<div class=\"elementor-element elementor-element-6324393 elementor-widget elementor-widget-heading\" data-id=\"6324393\" data-element_type=\"widget\" data-e-type=\"widget\" data-widget_type=\"heading.default\">\n\t\t\t\t<div class=\"elementor-widget-container\">\n\t\t\t\t\t<h2 class=\"elementor-heading-title elementor-size-default\"><a href=\"https:\/\/xavifabra.com\/?p=989\">Fotograf\u00eda en blanco y negro desde el origen: una forma de mirar<\/a><\/h2>\t\t\t\t<\/div>\n\t\t\t\t<\/div>\n\t\t\t\t<div class=\"elementor-element elementor-element-d753706 elementor-widget elementor-widget-heading\" data-id=\"d753706\" data-element_type=\"widget\" data-e-type=\"widget\" data-widget_type=\"heading.default\">\n\t\t\t\t<div class=\"elementor-widget-container\">\n\t\t\t\t\t<span class=\"elementor-heading-title elementor-size-default\"><a href=\"https:\/\/xavifabra.com\/?p=989\">Elegir el blanco y negro desde el origen es una forma de posicionarse frente a la imagen: dejar de depender del color para descubrir si realmente hay algo que mirar.<\/a><\/span>\t\t\t\t<\/div>\n\t\t\t\t<\/div>\n\t\t\t\t<\/div>\n\t\t\t\t<\/div>\n\t\t\t\t\t<\/div>\n\t\t\t\t<\/div>\n\t\t<div class=\"elementor-element elementor-element-4c61728 e-flex e-con-boxed e-con e-parent\" data-id=\"4c61728\" data-element_type=\"container\" data-e-type=\"container\">\n\t\t\t\t\t<div class=\"e-con-inner\">\n\t\t<div class=\"elementor-element elementor-element-aa1d488 e-con-full e-flex e-con e-child\" data-id=\"aa1d488\" data-element_type=\"container\" data-e-type=\"container\">\n\t\t\t\t<\/div>\n\t\t<div class=\"elementor-element elementor-element-a0ab782 e-con-full e-flex e-con e-child\" data-id=\"a0ab782\" data-element_type=\"container\" data-e-type=\"container\">\n\t\t\t\t<div class=\"elementor-element elementor-element-396a8bb elementor-widget elementor-widget-image\" data-id=\"396a8bb\" data-element_type=\"widget\" data-e-type=\"widget\" data-settings=\"{&quot;_animation&quot;:&quot;none&quot;}\" data-widget_type=\"image.default\">\n\t\t\t\t<div class=\"elementor-widget-container\">\n\t\t\t\t\t\t\t\t\t\t\t\t<figure class=\"wp-caption\">\n\t\t\t\t\t\t\t\t\t\t\t<a href=\"https:\/\/xavifabra.com\/?p=1180\">\n\t\t\t\t\t\t\t<img decoding=\"async\" width=\"474\" height=\"318\" src=\"https:\/\/xavifabra.com\/wp-content\/uploads\/2026\/04\/daido_moriyama_stray_dog_perro_callejero.jpg.webp\" class=\"attachment-large size-large wp-image-1188\" alt=\"\" srcset=\"https:\/\/xavifabra.com\/wp-content\/uploads\/2026\/04\/daido_moriyama_stray_dog_perro_callejero.jpg.webp 474w, https:\/\/xavifabra.com\/wp-content\/uploads\/2026\/04\/daido_moriyama_stray_dog_perro_callejero.jpg-300x201.webp 300w\" sizes=\"(max-width: 474px) 100vw, 474px\" \/>\t\t\t\t\t\t\t\t<\/a>\n\t\t\t\t\t\t\t\t\t\t\t<figcaption class=\"widget-image-caption wp-caption-text\"><\/figcaption>\n\t\t\t\t\t\t\t\t\t\t<\/figure>\n\t\t\t\t\t\t\t\t\t<\/div>\n\t\t\t\t<\/div>\n\t\t\t\t<\/div>\n\t\t<div class=\"elementor-element elementor-element-a9516fe e-con-full e-flex e-con e-child\" data-id=\"a9516fe\" data-element_type=\"container\" data-e-type=\"container\">\n\t\t<div class=\"elementor-element elementor-element-ab05f91 e-con-full e-flex e-con e-child\" data-id=\"ab05f91\" data-element_type=\"container\" data-e-type=\"container\">\n\t\t\t\t<div class=\"elementor-element elementor-element-5507316 elementor-widget elementor-widget-heading\" data-id=\"5507316\" data-element_type=\"widget\" data-e-type=\"widget\" data-widget_type=\"heading.default\">\n\t\t\t\t<div class=\"elementor-widget-container\">\n\t\t\t\t\t<h2 class=\"elementor-heading-title elementor-size-default\"><a href=\"https:\/\/xavifabra.com\/?p=1180\">Movimiento Provoke: cuando la fotograf\u00eda deja de explicarse\n<\/a><\/h2>\t\t\t\t<\/div>\n\t\t\t\t<\/div>\n\t\t\t\t<div class=\"elementor-element elementor-element-37a1a1f elementor-widget elementor-widget-heading\" data-id=\"37a1a1f\" data-element_type=\"widget\" data-e-type=\"widget\" data-widget_type=\"heading.default\">\n\t\t\t\t<div class=\"elementor-widget-container\">\n\t\t\t\t\t<span class=\"elementor-heading-title elementor-size-default\"><a href=\"https:\/\/xavifabra.com\/?p=1180\">El movimiento Provoke rompi\u00f3 con la fotograf\u00eda tradicional en el Jap\u00f3n de los a\u00f1os 60, apostando por im\u00e1genes borrosas, crudas e inestables que no buscan explicar la realidad, sino provocar una forma de pensarla.<\/a><\/span>\t\t\t\t<\/div>\n\t\t\t\t<\/div>\n\t\t\t\t<\/div>\n\t\t\t\t<\/div>\n\t\t\t\t\t<\/div>\n\t\t\t\t<\/div>\n\t\t\t\t<\/div>\n\t\t","protected":false},"excerpt":{"rendered":"<p>Un espacio donde la fotograf\u00eda deja de ser solo imagen para convertirse en pensamiento. Fotograf\u00eda en blanco y negro desde el origen: una forma de mirar Elegir el blanco y negro desde el origen es una forma de posicionarse frente a la imagen: dejar de depender del color para descubrir si realmente hay algo que [&hellip;]<\/p>\n","protected":false},"author":1,"featured_media":0,"parent":0,"menu_order":0,"comment_status":"closed","ping_status":"closed","template":"","meta":{"footnotes":""},"class_list":["post-984","page","type-page","status-publish","hentry"],"_links":{"self":[{"href":"https:\/\/xavifabra.com\/index.php?rest_route=\/wp\/v2\/pages\/984","targetHints":{"allow":["GET"]}}],"collection":[{"href":"https:\/\/xavifabra.com\/index.php?rest_route=\/wp\/v2\/pages"}],"about":[{"href":"https:\/\/xavifabra.com\/index.php?rest_route=\/wp\/v2\/types\/page"}],"author":[{"embeddable":true,"href":"https:\/\/xavifabra.com\/index.php?rest_route=\/wp\/v2\/users\/1"}],"replies":[{"embeddable":true,"href":"https:\/\/xavifabra.com\/index.php?rest_route=%2Fwp%2Fv2%2Fcomments&post=984"}],"version-history":[{"count":5,"href":"https:\/\/xavifabra.com\/index.php?rest_route=\/wp\/v2\/pages\/984\/revisions"}],"predecessor-version":[{"id":1330,"href":"https:\/\/xavifabra.com\/index.php?rest_route=\/wp\/v2\/pages\/984\/revisions\/1330"}],"wp:attachment":[{"href":"https:\/\/xavifabra.com\/index.php?rest_route=%2Fwp%2Fv2%2Fmedia&parent=984"}],"curies":[{"name":"wp","href":"https:\/\/api.w.org\/{rel}","templated":true}]}}